-x. List the prime factors of (6/q)/(1/6).
3
Suppose 12 - 4 = 2*c. List the prime factors of 5 + (-2)/(-4)*c.
7
Suppose 29366 = 57*r - 4720. What are the prime factors of r?
2, 13, 23
Let a(g) = g**3 - g**2 + 80. Let f be a(0). Suppose 3*d = 7*d + 4*l + f, l = -3*d - 52. What are the prime factors of -2*(-44)/d*-2?
11
Suppose 0 = -238*u + 236*u + 1150. What are the prime factors of u?
5, 23
Suppose 3*w + 2*o = 11553, 3*w - 11553 = 3*o - o. List the prime factors of w.
3851
Suppose 47*o = 53*o - 3252. What are the prime factors of o?
2, 271
Suppose 0 = -54*h + 1193 - 167. Let d(g) = -6*g + 4. Let r(i) = -3*i + 2. Let z(a) = 3*d(a) - 7*r(a). What are the prime factors of z(h)?
5, 11
Suppose 1172 = c + 5*t, 0 = -5*c - 5*t + 2890 + 2930. List the prime factors of c.
2, 7, 83
Suppose q - b = -3 + 2, 0 = -q + 4*b + 14. Let z be (3/q)/((-4)/32). What are the prime factors of (26/z + -1)*4?
2, 11
Let s be -3 - 0/5 - -9. Let d(w) be the third derivative of w**4/2 - 3*w**3/2 - 2*w**2. List the prime factors of d(s).
3, 7
Let u = 1 + 4. Suppose 2*w + 220 = u*l, 0*w + 37 = l + w. List the prime factors of l.
2, 3, 7
Let n(p) = -3*p - 19. Let t be n(-8). Suppose t*b + 395 = -5*l, 3*l = b - 42 - 195. Let y = -49 - l. List the prime factors of y.
2, 3, 5
Suppose -10*v + 22 = -12*v. Let t(o) = -o**2 - 15*o - 12. What are the prime factors of t(v)?
2
Let b = 24 + -20. Let t be -1*0*b/(-4). What are the prime factors of (t - -1)*(34 - 3)?
31
Let x = 59 + -57. What are the prime factors of ((-6)/9)/(x*3/(-432))?
2, 3
Suppose -500*u - 5865 = -505*u. What are the prime factors of u?
3, 17, 23
Let l(d) be the second derivative of -d**4/12 + 11*d**3/6 - 13*d**2/2 - 8*d. Let o be l(9). Suppose -20 = -o*n + 3*n. What are the prime factors of n?
2, 5
Let o(b) = 47*b**2 + 2*b + 6. Let g be o(-2). Let u = g + -108. List the prime factors of u.
2, 41
What are the prime factors of (-18)/48*2 - 1351/(-4)?
337
Suppose -2*x - 2*x = -32. Suppose 9 = 5*t + 2*m + 2, -x = 4*t + 5*m. Suppose t*s - 40 - 2 = 0. What are the prime factors of s?
2, 7
Suppose -2*r + 0*r + 149 = -a, 57 = r + 3*a. Suppose r = -6*i + 2*i. Let f = 35 + i. What are the prime factors of f?
17
Let c = 624 + -573. List the prime factors of c.
3, 17
Let h = 16 - -22. Suppose -2*z - 94 = -4*l, -2*l + h = -3*z - 11. What are the prime factors of l?
23
Let h = 337 - -128. Suppose -f - r - 7 = -99, -5*f - 4*r = -h. What are the prime factors of f?
97
Let p(d) = 4*d**2 + 2*d + 1. Let o(j) = j**2 - j - 1. Let f(b) = -b**2 - 9*b - 5. Let q be f(-8). Let r(x) = q*o(x) + p(x). What are the prime factors of r(3)?
2, 29
Suppose 171 - 2267 = -4*o. What are the prime factors of o?
2, 131
Suppose 16*h - 14*h = 20. Suppose 0 = -11*k + h*k + 8. List the prime factors of 5*-1*k/(-20).
2
Let n(y) = 493*y + 740. What are the prime factors of n(5)?
5, 641
Suppose 5*j + 4*w - 3042 = 0, -4*j - 3*w + 2699 = 266. What are the prime factors of j?
2, 3, 101
Let c be ((-2)/(-4))/((-5)/(-30)). Let s be 62 + -10 - (-1 - 3). Suppose -28 = -c*w + s. What are the prime factors of w?
2, 7
Let a(s) be the second derivative of 163*s**4/12 + s**3/3 - 16*s. What are the prime factors of a(1)?
3, 5, 11
Suppose -4*p + 2032 = -4*v, -3 = v - 4. What are the prime factors of p?
509
Let f = -19 - -16. Let d be (-159)/(-6) + f/(-2). Suppose 5*t - d - 22 = 0. List the prime factors of t.
2, 5
Let m = -1283 - -1577. What are the prime factors of m?
2, 3, 7
Let b(s) = s**2 - 4*s + 5. Let c = 3 + 0. Let z be b(c). Suppose 77 = z*i + 11. List the prime factors of i.
3, 11
Suppose -3*b + 6681 = 3*n, 3*n - 5*b - 6603 - 118 = 0. List the prime factors of n.
2, 3, 31
Let a(i) = 997*i - 54. List the prime factors of a(1).
23, 41
Suppose 0*u - 5*u = -10. Let y(v) = v**2 + 5*v - 5. Let j be y(u). Suppose -24 = -f - j. What are the prime factors of f?
3, 5
Suppose -2*p = 5*a - 726, -a + 91 = -3*p - 44. List the prime factors of a.
2, 3
Suppose 0 = -s - 0*s - 5*u + 19, -5*s - 4*u + 32 = 0. Suppose 4*k = s*x + 116, 4*x = 2*x - 5*k - 44. Let g = x - -55. List the prime factors of g.
2, 7
Let r = 2979 + -1665. What are the prime factors of r?
2, 3, 73
Let l be 4/18 + (-75)/(-27). Suppose l*i - 8*i - 4*m = 146, m = -4. Let t = i + 45. List the prime factors of t.
19
What are the prime factors of 761*2 + (1 - 0)?
1523
Let i be (3 - (-3 - -5)) + -4 + 1. What are the prime factors of (-122 + -6)/(i + 3 - 2)?
2
Suppose 7*w = 3*w + 56. Suppose 2*z - w = -4. Suppose -z*i = -231 + 66. What are the prime factors of i?
3, 11
What are the prime factors of 1419/(-1)*1*(-11)/33?
11, 43
Let s = -28 + 107. List the prime factors of s.
79
Let g(x) = 2*x**3 - 66*x**2 + 177*x + 14. What are the prime factors of g(31)?
1657
Suppose 2821 = 2*m + i, 1403 = m + 13*i - 14*i. What are the prime factors of m?
2, 11
Suppose 2*u = 3*m - 21, 5*m - 2*m + 6 = -u. Let w(p) = -3*p + 19. List the prime factors of w(u).
2, 23
Suppose -116 = -5*c - 396. Let r = -24 - c. List the prime factors of r.
2
Let d = 2025 - -1080. List the prime factors of d.
3, 5, 23
Let b(s) = 21*s + 7. Let h be b(5). Suppose -52 - h = -4*g. List the prime factors of g.
41
Let d(b) = 5*b + 60. Let w be d(-19). What are the prime factors of ((-553)/w)/((-12)/15 + 1)?
79
What are the prime factors of 2928/30 - -6*3/(-30)?
97
Let u = -3324 - -6534. List the prime factors of u.
2, 3, 5, 107
Let a(r) = -3*r**3 - 3*r**2 + 7*r - 1. Let q(j) = -3*j**3 - 2*j**2 + 6*j - 1. Let l(y) = 4*a(y) - 5*q(y). What are the prime factors of l(3)?
2, 29
Suppose -4*x = -11 - 9. Suppose x*v = 294 + 6. List the prime factors of v.
2, 3, 5
Let h = 28 + -26. Suppose h*m = -m + 81. What are the prime factors of m?
3
Let d(k) = 5*k**2 + 2. Let h(q) = 21*q**2 - q + 9. Let a(c) = 9*d(c) - 2*h(c). Suppose v = -3*f - 4, 0*f - 3*f = 4*v - 2. List the prime factors of a(v).
2
Suppose 219*m - 178458 = 177*m. What are the prime factors of m?
7, 607
Suppose -3079 = -22*x - 1033. List the prime factors of x.
3, 31
Let z be (-2)/(4/(-55))*-2. Let a = z + 36. Let v = 13 - a. What are the prime factors of v?
2
Let l = -22 - -26. Suppose 2 = -2*m + l. Let f = 20 - m. List the prime factors of f.
19
Let j = -941 + 1591. What are the prime factors of j?
2, 5, 13
Suppose -122 = -4*y + 3*y. List the prime factors of y.
2, 61
Let a be ((-9)/6)/(4/8). Let j be -17 + (-4 - (a + 0)). Let l = 55 + j. List the prime factors of l.
37
Let g be (-58)/6 - (-3)/(-9). Let r be -5*2/g*8. What are the prime factors of (-3 - (-27)/6)*r?
2, 3
Suppose 0 = -8*r + 2219 + 2333. List the prime factors of r.
569
Let k be -13*5/10*-2. Let o(j) = 21*j - k*j + 2*j**2 - 4*j - 2. List the prime factors of o(4).
2, 23
Suppose 2*r + 2155 + 721 = w, 2*w = -3*r + 5766. List the prime factors of w.
2, 3, 5
Suppose 3*a = 4*l + 7, 4*a - 3*l + 1 = 3*a. Suppose a*u = 4*m - 296, 0*u + 256 = 4*m + 5*u. Suppose 0*h = -3*h + m. List the prime factors of h.
23
Let t(c) = -c**3 + 5*c**2 + c - 5. Let w be t(3). What are the prime factors of w/3*-3*(-33)/2?
2, 3, 11
Suppose 4 = s, 186 = -4*r - 2*s + 1470. Suppose 4*k - k + 4*w = 386, 2*k + w = 249. Suppose -l + 39 = -q, -4*q + k - r = -5*l. What are the prime factors of l?
41
Let f = 65 - 63. What are the prime factors of 4 + (f - 3*-29)?
3, 31
What are the prime factors of 113 - -3 - (12 - 7)?
3, 37
Suppose -2*s = -6*s - 3*l + 65, s - l - 25 = 0. What are the prime factors of s?
2, 5
Let h(s) be the first derivative of 4*s**2 - 14*s - 16. What are the prime factors of h(6)?
2, 17
Suppose -12*w + 2921 = 365. List the prime factors of w.
3, 71
Let h be 13 - -1*(3 + 1). Let p = h + 0. List the prime factors of p.
17
Suppose -j = j + 2. Let f be 0 + 4/2 - j. What are the prime factors of ((-34)/f)/((-8)/12)?
17
Let k(j) = j**2 - 2*j - 42. List the prime factors of k(-17).
281
Let d be (50 - 12)/((-4)/(-2)). Let u(y) = -4*y + d + 16*y - 21 - y**2. List the prime factors of u(11).
3
Suppose -1176 = 54*o - 4902. List the prime factors of o.
3, 23
Suppose 3*f + 42 = 39, 5*f - 7435 = -5*o. List the prime factors of o.
2, 3, 31
Let m = -40 + 28. Let v = m + 14. What are the prime factors of v/((2 + -1)/17)?
2, 17
Suppose 4*o - d + 737 = 10980, 7677 = 3*o + d. What are the prime factors of o?
2, 5
Let p = 1144 + -798. Suppose -p - 89 = -3*o. What are the prime factors of o